, what is 12200 - -11?
12211
In base 4, what is -10 + -101?
-111
In base 13, what is 10 - -8?
18
In base 12, what is -24 + -88?
-b0
In base 7, what is -4662 - 5?
-5000
In base 6, what is -3 - -153?
150
In base 10, what is -2 + 24?
22
In base 7, what is -5 - -346?
341
In base 11, what is -11 - -8?
-4
In base 10, what is -3 - -40?
37
In base 8, what is -15 - -156?
141
In base 10, what is -63 + 5?
-58
In base 5, what is 30 - -1004?
1034
In base 11, what is -22a0 + -6?
-22a6
In base 12, what is -16 - -1?
-15
In base 8, what is -140 + -55?
-215
In base 2, what is -1010100 - 100011010?
-101101110
In base 15, what is c + -10?
-3
In base 13, what is b - 291?
-283
In base 14, what is -4 - -55?
51
In base 15, what is 54 - 1?
53
In base 15, what is 3 - 3?
0
In base 9, what is -17 - 223?
-241
In base 4, what is -112 + -20?
-132
In base 13, what is 4 + 84?
88
In base 6, what is 2143 - -2?
2145
In base 9, what is 5 - 131?
-125
In base 13, what is 31 - 2?
2c
In base 3, what is -10 - -2221?
2211
In base 9, what is -1 - -1172?
1171
In base 3, what is -22112 - -21?
-22021
In base 5, what is 22 - -2212?
2234
In base 14, what is -863 + -3?
-866
In base 4, what is -22 + 20?
-2
In base 10, what is 6 + 111?
117
In base 12, what is -163 + 3?
-160
In base 13, what is -6 - -28?
22
In base 15, what is 78 - 6?
72
In base 7, what is 166 - 3?
163
In base 14, what is -41d + -4?
-423
In base 12, what is -3a2 + -2?
-3a4
In base 5, what is -13443 + 3?
-13440
In base 11, what is -2 + -7?
-9
In base 2, what is 10 + 111101?
111111
In base 5, what is -4 + 11030?
11021
In base 3, what is -1 + 2111222?
2111221
In base 9, what is -5 + 43?
37
In base 3, what is -2120021 + 1?
-2120020
In base 5, what is 130 + -11?
114
In base 4, what is 11000031 - -1?
11000032
In base 3, what is -100221 - -12?
-100202
In base 13, what is -26 + 3?
-23
In base 8, what is 3 - -64?
67
In base 8, what is -1146 + 22?
-1124
In base 3, what is -101 + -10120?
-10221
In base 6, what is -45 - -3?
-42
In base 8, what is 4 + -17?
-13
In base 6, what is 453 + -204?
245
In base 3, what is 100 - 102?
-2
In base 8, what is 35 + 76?
133
In base 10, what is -16 - 0?
-16
In base 6, what is -2 - 230?
-232
In base 10, what is -164 - -4?
-160
In base 5, what is 1 + -43?
-42
In base 6, what is -332 + 2?
-330
In base 3, what is 10001211 - -1?
10001212
In base 9, what is -1 + 740?
738
In base 6, what is -13215 - -5?
-13210
In base 6, what is 0 + 10415?
10415
In base 7, what is 31 + 110?
141
In base 11, what is 7 + -30?
-24
In base 2, what is 1111110010111 + -101?
1111110010010
In base 9, what is 10 + 355?
365
In base 16, what is -952 - -8?
-94a
In base 10, what is 13 - 431?
-418
In base 16, what is -320 - 3?
-323
In base 11, what is -14 - 454?
-468
In base 3, what is -1201112 - 11?
-1201200
In base 8, what is -5 - 54?
-61
In base 8, what is -5503 + 1?
-5502
In base 3, what is 12 + -20022?
-20010
In base 12, what is -481 - 4?
-485
In base 14, what is -465 + 4?
-461
In base 9, what is 324 + 3?
327
In base 11, what is 75 + -33?
42
In base 12, what is 7bb + 3?
802
In base 16, what is -3 + 75?
72
In base 11, what is 5 + 3763?
3768
In base 4, what is 13 + 1102?
1121
In base 7, what is 0 + 156?
156
In base 6, what is -4 - -3035?
3031
In base 13, what is -3 + 5?
2
In base 16, what is 24 + 8?
2c
In base 14, what is -c - -b?
-1
In base 13, what is -237 - -2?
-235
In base 3, what is -11 - 12?
-100
In base 16, what is 3 + -1447?
-1444
In base 13, what is 170 + -2?
16b
In base 15, what is 3 - a6?
-a3
In base 6, what is 3 + 520?
523
In base 11, what is 236 + 5?
240
In base 10, what is -12 - 49?
-61
In base 14, what is -4 + -5?
-9
In base 15, what is -4 - 40?
-44
In base 9, what is 0 + 252?
252
In base 10, what is -695 - -4?
-691
In base 7, what is -306 - 3?
-312
In base 10, what is 1 - 3119?
-3118
In base 14, what is 5 + -63?
-5c
In base 8, what is 3 + -6233?
-6230
In base 6, what is -11 + -1243?
-1254
In base 5, what is -3 + 20300?
20242
In base 7, what is -42 + 1?
-41
In base 7, what is 645 + 4?
652
In base 8, what is 121 - 14?
105
In base 16, what is 0 + -403?
-403
In base 3, what is -1000100 - 1120?
-1001220
In base 14, what is 221 + -12?
20d
In base 13, what is -2 - -708?
706
In base 4, what is -10221 + -2?
-10223
In base 12, what is -23 + 10?
-13
In base 11, what is 299 + 2?
2a0
In base 3, what is -11 + 112200?
112112
In base 7, what is 0 - -554?
554
In base 15, what is 1 + 3d?
3e
In base 16, what is 20 - -3?
23
In base 15, what is 4 + -15?
-11
In base 6, what is -5 + 13?
4
In base 9, what is -2 - -174?
172
In base 8, what is -17 - 2546?
-2565
In base 10, what is 16 + 143?
159
In base 15, what is 12 + b?
1d
In base 11, what is -2 - 400?
-402
In base 7, what is 4 - -114?
121
In base 13, what is -2c + 12?
-1a
In base 10, what is -28 - 5?
-33
In base 15, what is -a0 - -3?
-9c
In base 12, what is -3 + 589?
586
In base 13, what is -85 - -20?
-65
In base 8, what is -2 + 2?
0
In base 8, what is -12701 + -3?
-12704
In base 13, what is -17 + 3?
-14
In base 3, what is -1002 + -11011?
-12020
In base 12, what is -19 - 292?
-2ab
In base 3, what is -21220101 - 10?
-21220111
In base 3, what is 21 - 10012?
-2221
In base 14, what is -20c + -5?
-213
In base 5, what is 1021 - -4?
1030
In base 16, what is 33b + -1?
33a
In base 14, what is -b6 - 0?
-b6
In base 7, what is 2 + 240?
242
In base 12, what is 33 - -6?
39
In base 5, what is 3211 + -3?
3203
In base 13, what is 16 - 1b?
-5
In base 9, what is -4 + 1583?
1578
In base 14, what is -9b1d - -2?
-9b1b
In base 9, what is -851 + 3?
-847
In base 10, what is 523 - -5?
528
In base 14, what is -2 - -273?
271
In base 15, what is 343 + 6?
349
In base 14, what is -1 + -26?
-27
In base 6, what is -433 + -5?
-442
In base 3, what is 12 + 1010?
1022
In base 13, what is 1 + 85?
86
In base 7, what is 106 + -5?
101
In base 12, what is -14 - 120?
-134
In base 4, what is -2002 - 12?
-2020
In base 9, what is 2 + 1230?
1232
In base 12, what is -4 + -501?
-505
In base 6, what is 2 + 30234?
30240
In base 3, what is -110 + 220?
110
In base 7, what is -4 - -12236?
12232
In base 6, what is 33344 - 2?
33342
In base 7, what is 1 + -254?
-253
In base 4, what is 20 + -130?
-110
In base 13, what is 69 - 4?
65
In base 4, what is 1102123 - 3?
1102120
In base 9, what is 127 + -21?
106
In base 14, what is -db - 6?
-103
In base 2, what is -1011010 - 111110?
-10011000
In base 16, what is -4 + 46?
42
In base 8, what is 3 + -421?
-416
In base 11, what is 17 - -20?
37
In base 2, what is 10100 - 110011?
-11111
In base 3, what is -1120 + 11?
-1102
In base 9, what is 2 - 6?
-4
In base 5, what is 20 - 42?
-22
In base 12, what is 806 + 5?
80b
In base 8, what is 5 - 633?
-626
In base 2, what is 10000000010 + 1?
10000000011
In base 12, what is -175 + -2?
-177
In base 11, what is -8 - 10?
-18
In base 7, what is 4 + -32613?
-32606
In base 9, what is 73 + 14?
87
In base 16, what is -b8 - 17?
-cf
In base 13, what is -7b + -2?
-80
In base 3, what is 11 + -2010?
-1222
In base 15, what is 13 - -3cc?
3e0
In base 5, what is 10 - -230?
240
In base 10, what is 14034 + 2?
14036
In base 14, what is 32 + 3?
35
In base 9, what is -230 + 6?
-223
In base 9, what is -5 - -1116?
1111
In base 8, what is -172 + -3?
-175
In base 4, what is 1001 - 1?
1000
In base 14, what is -8b - 4?
-91
In base 6, what is -22002 + -2?
-22004
In base 11, what is -3 - 26?
-29
In base 15, what is 4 - 9b6?
-9b2
In base 6, what is -24245 - 5?
-24254
In base 11, what is -24 + 13?
-11
In base 13, what is 173 + 2b?
1a1
In base 7, what is 3462 - -5?
3500
In base 13, what is -9081 + -4?
-9085
In base 9, what is -8403 - 2?
-8405
In base 15, what is -9 + cb?
c2
In base 4, what is 0 - -1100?
1100
In base 5, what is -3 + 201?
143
In base 10, what is -8 + 1?
-7
In base 15, what is 3 - 2c2?
-2be
In base 7, what is -655 - 10?
-665
In base 14, what is -3 - 0?
-3
In base 13, what is 6 - -31?
37
In base 6, what is 10542 - -20?
11002
In base 6, what is -5 + -11522?
-11531
In base 7, what is -4 - 1451?
-1455
In base 14, what is 824 - -3?
827
In base 3, what is 202122 + 2?
202201
In base 13, what is 4 - -2b8?
2bc
In base 2, what is -111 - -10000?
1001
In base 7, what is -13 + 21?
5
In base 3, what is 1 - 21222?
-21221
In base 10, what is 1 - 112?
-111
In base 2, what is 11 + 1001101110000?
1001101110011
In